.
25
What is the highest common divisor of 2322 and 8342?
86
What is the highest common divisor of 1134 and 172998?
126
What is the greatest common factor of 10388 and 441?
49
What is the highest common factor of 56 and 27650?
14
Calculate the highest common divisor of 22389 and 170.
17
What is the greatest common divisor of 109746 and 806?
26
Calculate the highest common factor of 7405 and 245.
5
Calculate the greatest common divisor of 792 and 314952.
264
What is the greatest common factor of 484672 and 72?
8
What is the highest common divisor of 650 and 77870?
130
What is the greatest common factor of 539 and 55902?
77
What is the highest common factor of 56 and 15869?
7
What is the greatest common factor of 5454 and 1404?
54
Calculate the highest common factor of 6110 and 280.
10
What is the highest common divisor of 300 and 70575?
75
Calculate the highest common divisor of 25 and 7.
1
What is the greatest common divisor of 17719 and 3337?
47
Calculate the highest common divisor of 930 and 39870.
30
Calculate the highest common factor of 130 and 562340.
10
What is the highest common factor of 25234 and 1364?
682
Calculate the highest common divisor of 73466 and 2834.
218
What is the greatest common factor of 34566 and 168?
42
What is the highest common divisor of 8370 and 120?
30
Calculate the highest common factor of 64869 and 63.
21
Calculate the highest common factor of 144 and 19692.
36
Calculate the highest common factor of 21321 and 2277.
207
What is the greatest common divisor of 30625 and 24353?
49
What is the greatest common factor of 148 and 14393?
37
Calculate the greatest common divisor of 484 and 4.
4
Calculate the highest common factor of 91 and 21814.
13
What is the highest common factor of 4217658 and 38?
38
What is the greatest common divisor of 504 and 117747?
63
What is the highest common divisor of 132 and 53768?
44
Calculate the greatest common divisor of 756624 and 1056.
528
Calculate the greatest common factor of 1037312 and 9216.
1024
What is the highest common factor of 2401 and 1295?
7
Calculate the greatest common divisor of 612 and 4964.
68
What is the greatest common factor of 58554 and 18?
18
Calculate the greatest common divisor of 203 and 896.
7
What is the highest common factor of 4628 and 4511?
13
What is the highest common factor of 3 and 529?
1
Calculate the highest common divisor of 1102153 and 149.
149
What is the highest common divisor of 526 and 146491?
263
What is the highest common factor of 11375 and 1729?
91
Calculate the greatest common factor of 3346 and 47322.
478
Calculate the highest common factor of 384 and 38784.
384
Calculate the highest common factor of 845 and 474721.
169
What is the highest common factor of 33 and 2199?
3
What is the highest common divisor of 748 and 214302?
374
What is the highest common factor of 267 and 17088?
267
What is the greatest common factor of 533313 and 1683?
99
Calculate the highest common divisor of 1384191 and 9.
9
What is the highest common factor of 75602 and 3296?
206
What is the highest common divisor of 10858 and 122?
122
Calculate the greatest common divisor of 82420 and 9620.
260
Calculate the greatest common factor of 220 and 443971.
11
What is the greatest common divisor of 306 and 2668014?
306
What is the highest common divisor of 108 and 2556?
36
Calculate the highest common divisor of 24 and 1274802.
6
Calculate the highest common factor of 126 and 166516.
14
What is the greatest common divisor of 398200 and 3850?
550
Calculate the highest common divisor of 29 and 13483231.
29
Calculate the highest common factor of 662435 and 734.
367
What is the highest common divisor of 54285 and 18645?
165
Calculate the greatest common divisor of 582 and 12577311.
291
Calculate the highest common divisor of 19393 and 130075.
473
What is the greatest common divisor of 4753 and 3136?
49
Calculate the greatest common divisor of 207646 and 799.
47
What is the highest common factor of 472343 and 191?
191
Calculate the greatest common factor of 50 and 25580.
10
Calculate the greatest common factor of 9088 and 3692.
284
Calculate the greatest common factor of 175 and 925.
25
What is the greatest common factor of 162034 and 30?
2
What is the greatest common factor of 28497 and 84?
21
Calculate the greatest common factor of 80464 and 208.
16
Calculate the highest common factor of 5312 and 35192.
664
What is the greatest common divisor of 3740 and 1490?
10
What is the highest common factor of 6228 and 341502?
1038
What is the greatest common divisor of 112 and 39557?
7
What is the highest common divisor of 8090 and 321982?
1618
Calculate the highest common factor of 36 and 151272.
36
Calculate the highest common divisor of 5970977 and 118.
59
What is the greatest common factor of 44900 and 50?
50
What is the greatest common divisor of 17000 and 1300?
100
What is the highest common divisor of 262 and 196762?
262
Calculate the highest common factor of 73304 and 2040.
136
What is the highest common factor of 87 and 4091697?
87
Calculate the highest common divisor of 124480 and 8.
8
What is the greatest common factor of 71072 and 38?
2
Calculate the highest common divisor of 11707 and 621.
23
What is the highest common factor of 24 and 874812?
12
What is the highest common factor of 4199 and 100453?
323
What is the highest common factor of 2842 and 106?
2
What is the greatest common divisor of 85 and 565505?
85
Calculate the greatest common divisor of 1001 and 9724.
143
What is the highest common divisor of 11237 and 68?
17
Calculate the greatest common divisor of 117 and 20943.
117
Calculate the highest common divisor of 30 and 932145.
15
What is the highest common divisor of 100412 and 1300?
52
What is the highest common divisor of 115692 and 93?
93
What is the highest common divisor of 450 and 11150?
50
What is the highest common factor of 1614298 and 268?
134
Calculate the highest common divisor of 600626 and 52.
26
Calculate the greatest common factor of 1275593 and 11.
11
What is the highest common divisor of 6832 and 8113?
427
What is the highest common factor of 15 and 8615505?
15
Calculate the greatest common divisor of 491689 and 55.
11
What is the greatest common factor of 647139 and 102?
51
What is the highest common divisor of 95749 and 1991?
181
Calculate the greatest common divisor of 292 and 494356.
292
What is the greatest common factor of 393 and 140563?
131
What is the highest common divisor of 795 and 27507?
159
Calculate the highest common factor of 14338 and 50250.
134
What is the highest common divisor of 1438261 and 1166?
583
Calculate the highest common factor of 121410 and 108870.
570
What is the highest common factor of 50055 and 6603?
213
Calculate the greatest common divisor of 106 and 53318.
106
What is the greatest common factor of 38420 and 4012?
68
What is the greatest common factor of 610 and 9079850?
610
Calculate the greatest common factor of 1 and 26153.
1
Calculate the greatest common divisor of 40 and 402220.
20
Calculate the highest common divisor of 904762 and 1314.
146
Calculate the greatest common factor of 112665 and 26085.
555
What is the highest common factor of 73591 and 7?
7
What is the greatest common factor of 3864 and 231?
21
Calculate the greatest common factor of 1164 and 134345.
97
Calculate the highest common factor of 1023 and 6417.
93
Calculate the highest common divisor of 7670 and 39130.
130
What is the highest common factor of 1306 and 5877?
653
What is the greatest common divisor of 380 and 5123160?
380
What is the greatest common divisor of 283056 and 96?
48
Calculate the greatest common divisor of 408503 and 391.
23
What is the highest common factor of 26 and 4197583?
13
Calculate the highest common factor of 4645 and 10.
5
What is the highest common divisor of 482931 and 69?
69
What is the highest common divisor of 41145 and 21645?
195
What is the greatest common factor of 1225506 and 6?
6
Calculate the greatest common factor of 7373 and 1919.
101
Calculate the highest common factor of 25850 and 44.
22
Calculate the greatest common divisor of 50007 and 711.
237
Calculate the highest common factor of 2204 and 5776.
76
What is the greatest common factor of 4908710 and 274?
274
What is the highest common 